et d(y) = -y**3 - 4*y**2 - 2*y + 4. Give d(-3).
1
Let x(c) = -3*c**2 + 33*c - 22. Give x(10).
8
Let t(c) = 3*c + 46. What is t(-16)?
-2
Let k(s) = -3*s**2 - s + 3. Calculate k(3).
-27
Let g(t) = 4*t - 29. Give g(5).
-9
Let r(s) = -8*s**2 - 8*s + 20. Give r(4).
-140
Let b(v) = -4*v. What is b(1)?
-4
Let t(x) = -x**3 - 14*x**2 - 13*x + 12. Give t(-13).
12
Let w(x) = -7*x - 170. Give w(-26).
12
Let o(i) = i**2 - 6*i - 6. Determine o(10).
34
Let t(c) = -c**3 + 13*c**2 - 38*c - 31. Calculate t(7).
-3
Let y(j) = -j**3 + 11*j**2 - 15*j + 47. Give y(10).
-3
Let v(m) = m**2 + 3*m - 10. What is v(-7)?
18
Let d(i) = -i**3 - 27*i**2 + 7*i + 192. Calculate d(-27).
3
Let t(j) = j**2 + 9*j - 11. What is t(-11)?
11
Let x(m) = -22*m**3 + 2*m**2 + 2*m. Determine x(-1).
22
Let r(o) = -o**2 - 15*o + 16. Determine r(-16).
0
Let o(n) = -n**2 - 8*n - 11. Determine o(-6).
1
Let n(g) = g**2 - g - 5. What is n(0)?
-5
Let w(g) = g**3 + 5*g**2 - 8*g - 12. What is w(-5)?
28
Let f(z) = -8*z - 14. Calculate f(-1).
-6
Let z(h) = -37*h - 31. Calculate z(0).
-31
Let i(a) = -a**3 - 10*a**2 - 3*a + 6. Determine i(-9).
-48
Let r(p) = -p**3 + 11*p**2 - 2*p - 72. Calculate r(10).
8
Let y(n) = 3*n**3 - 3*n**2 - 4*n + 3. Calculate y(3).
45
Let q(u) = -14*u - 139. What is q(-9)?
-13
Let z(b) = -b**2 + 32*b - 225. Calculate z(22).
-5
Let z(g) = 3*g - 7. Give z(4).
5
Let q(d) = -7*d**2 - d + 10. Give q(0).
10
Let z(p) = -2*p**2 + 39*p - 30. Calculate z(19).
-11
Let n(j) = 44*j - 89. Calculate n(2).
-1
Let p(u) = 4*u + 38. Calculate p(-9).
2
Let q(h) = 2*h + 50. Determine q(-14).
22
Let m(c) = -c**2 - 16*c - 57. Determine m(-11).
-2
Let k(o) = -3*o + 4. Determine k(7).
-17
Let b(v) = v**2 + 10*v - 13. Give b(-11).
-2
Let f(t) = 2*t**2 + 4*t. Give f(-3).
6
Let d(u) = 6*u - 17. Determine d(6).
19
Let p(g) = g**2 - g + 6. What is p(0)?
6
Let v(l) = 8*l - 5. What is v(3)?
19
Let i(t) = 2*t**2 + 3*t + 6. Determine i(-5).
41
Let r(c) = -c**3 + c**2 + 12. Determine r(0).
12
Let m(d) = 8*d + 1. Determine m(-2).
-15
Let a(b) = 8*b + 3. Calculate a(-2).
-13
Let o(g) = -g**3 + 12. What is o(5)?
-113
Let g(a) = 6*a + 81. Calculate g(-19).
-33
Let f(v) = -4*v + 14. Determine f(3).
2
Let s(d) = -d**2 + 10*d + 6. Calculate s(9).
15
Let q(z) = -8*z + 4. Determine q(-9).
76
Let l(m) = m**3 + 7*m**2 - 14*m - 87. What is l(-7)?
11
Let g(a) = -60*a**3 + a**2. Give g(1).
-59
Let f(p) = -5*p - 19. Determine f(-4).
1
Let o(h) = h**3 - 7. What is o(0)?
-7
Let g(a) = -3*a + 21. Give g(9).
-6
Let i(g) = g**3 + 5*g**2 - 9*g - 37. What is i(-6)?
-19
Let u(o) = o**3 - 6*o**2 + 8*o - 8. Determine u(5).
7
Let w(x) = x**3 - 9*x**2 + 4*x - 38. What is w(9)?
-2
Let w(u) = -u**3 + 7*u**2 + 5*u - 7. What is w(7)?
28
Let a(f) = -f**2 + 6*f - 10. Give a(5).
-5
Let f(q) = -2*q**2 - 7*q + 4. What is f(-6)?
-26
Let o(i) = -i**2 + 86*i - 1221. Calculate o(68).
3
Let y(w) = w**3 + 7*w**2 - 11*w - 13. Calculate y(-8).
11
Let p(s) = s**2 - 10. Calculate p(7).
39
Let x(o) = -o**3 + 7*o**2 - 6*o - 5. Give x(5).
15
Let s(j) = j**2 - 9*j - 21. Give s(0).
-21
Let j(y) = y**3 + 7*y**2 + 3*y - 4. Give j(-2).
10
Let v(f) = -2*f - 18. Determine v(7).
-32
Let j(k) = -k**3 + 11*k**2 - k + 22. What is j(5)?
167
Let l(y) = y**3 + 6*y**2 - 2*y + 14. Calculate l(-6).
26
Let q(i) = -32*i + 3. What is q(-2)?
67
Let y(n) = -7*n - 6. Give y(-2).
8
Let y(h) = 2*h - 3. Give y(10).
17
Let d(j) = -10*j - 5. What is d(3)?
-35
Let t(w) = w**3 - 4*w**2 + 3*w + 2. Determine t(4).
14
Let b(w) = 4*w**2 + w - 2. Determine b(-2).
12
Let q(y) = -10*y - 1. Determine q(-1).
9
Let i(t) = -t**3 - 4*t**2 + 3*t + 7. What is i(-4)?
-5
Let x(a) = a**3 + 4*a**2 + 7*a + 11. What is x(-3)?
-1
Let w(k) = 2*k + 1. What is w(5)?
11
Let j(t) = -t**3 + 14*t**2 - 16*t - 19. Determine j(13).
-58
Let o(b) = 17*b**2 + 2. Determine o(2).
70
Let k(a) = a**3 - 6*a**2 - 12*a + 8. Give k(8).
40
Let r(s) = 3*s**2 + 16*s - 5. Give r(-6).
7
Let u(n) = n**3 + 5*n**2 - 5*n. What is u(-6)?
-6
Let x(i) = 2*i**3 - 8*i - 18. Calculate x(-2).
-18
Let m(h) = -3*h**2 - 2*h - 6. What is m(3)?
-39
Let d(h) = 5*h**2 + 50*h + 14. Give d(-11).
69
Let a(c) = -c - 85. Give a(-38).
-47
Let m(j) = -j**2 - 4*j + 33. Calculate m(-14).
-107
Let i(b) = -b**2 - 30*b + 19. Calculate i(-31).
-12
Let f(p) = -12*p - 9. What is f(5)?
-69
Let k(v) = v**3 + 11*v**2 + 11*v + 4. Determine k(-9).
67
Let s(a) = a**3 - 6*a**2 - 6*a + 4. Give s(6).
-32
Let j(o) = o**3 + 2*o**2 - 2*o - 3. What is j(-3)?
-6
Let i(c) = 2*c**3 + 9*c**2 - 16*c - 55. Give i(-5).
0
Let u(n) = -n**3 - 17*n**2 + 15*n - 61. What is u(-18)?
-7
Let g(d) = d**3 - 14*d**2 + 12*d + 2. What is g(13)?
-11
Let b(r) = -r**2 + 1. Determine b(1).
0
Let a(u) = 3*u + 141. Determine a(0).
141
Let w(l) = -2*l**2 + 9*l + 12. What is w(6)?
-6
Let z(b) = -2*b**3 + 4*b**2 - 3*b. What is z(3)?
-27
Let r(b) = b**2 + 7*b + 10. Calculate r(-4).
-2
Let y(k) = -k**3 - k**2 - k - 9. Calculate y(4).
-93
Let f(w) = w**3 - 47*w**2 + 131*w + 41. Calculate f(44).
-3
Let d(w) = 2*w**3 - 12*w**2 - 11*w - 17. Give d(7).
4
Let j(u) = -16*u + 1. Determine j(-3).
49
Let r(w) = w**2 - 85*w + 255. What is r(3)?
9
Let b(h) = -4*h - 11. Determine b(3).
-23
Let z(t) = -2*t**3 + 7*t**2 + 8*t + 6. Calculate z(4).
22
Let n(g) = 2*g - 12. What is n(4)?
-4
Let d(w) = -w**3 + 5*w - 2. Determine d(3).
-14
Let g(u) = u**3 - 4*u**2 + u + 4. Give g(2).
-2
Let z(a) = -3*a**3 + a**2 + 2*a + 17. Calculate z(4).
-151
Let u(h) = h**3 + 25*h**2 + 29*h + 102. Calculate u(-24).
-18
Let w(c) = -16*c**3 + 3*c**2 - 2*c. Determine w(1).
-15
Let a(t) = -4*t + 107. Give a(20).
27
Let j(m) = -2*m**3 + 2*m**2 - 8. Calculate j(0).
-8
Let h(j) = -j**2 + 23*j - 82. What is h(19)?
-6
Let s(f) = 4*f - 36. What is s(0)?
-36
Let r(h) = -h**3 - 13*h**2 - 15*h - 14. Calculate r(-12).
22
Let c(m) = -6*m**2 + 3*m. Calculate c(-2).
-30
Let y(f) = -f**3 + 8*f**2 - 3*f + 2. Calculate y(6).
56
Let a(z) = z - 12. What is a(9)?
-3
Let i(s) = -19*s**3 - 2*s + 1. Calculate i(1).
-20
Let b(y) = y**3 - 18*y**2 + 46*y - 19. Give b(15).
-4
Let k(s) = 2*s**2 - 9*s - 3. Determine k(7).
32
Let l(i) = i**2 - 19*i - 36. Give l(17).
-70
Let b(q) = 19*q - 20. Give b(5).
75
Let b(w) = -26*w + 7. What is b(0)?
7
Let l(g) = g**3 + 7*g**2 - 11*g - 1. Determine l(-8).
23
Let s(c) = c**3 - 9*c**2 + 3*c + 19. Determine s(6).
-71
Let s(n) = -n**3 - 6*n**2 + 8*n + 71. Calculate s(-5).
6
Let l(m) = m**2 - 2*m + 3. Give l(-3).
18
Let x(s) = s**3 - 13*s**2 - 30*s + 6. Determine x(15).
6
Let i(l) = -2*l**2 - 5*l + 4. Determine i(-5).
-21
Let d(w) = 30*w + 194. Give d(-6).
14
Let u(z) = -z**2 + 22*z - 120. Give u(12).
0
Let g(h) = 10*h**3 + h**2 + h + 1. Calculate g(-1).
-9
Let d(i) = -i + 1. Give d(-1).
2
Let j(o) = -o**3 + 5*o**2 + 6*o + 17. Determine j(6).
17
Let c(x) = -x - 20. Calculate c(-16).
-4
Let t(k) = k**3 - 4*k**2 + 10. What is t(4)?
10
Let s(i) = -3*i - 6. Give s(-7).
15
Let i(a) = -a**2 - 3*a + 11. Determine i(-4).
7
Let p(j) = 68*j + 962. Give p(-14).
10
Let s(l) = -l**3 + 41*l**2 - 74*l - 148. Calculate s(39).
8
Let y(h) = 2*h**2 - 49*h - 31. Determine y(25).
-6
Let o(k) = k**3 + 11*k**2 + 3*k + 27. What is o(-11)?
-6
Let q(m) = -11*m + 13. Calculate q(5).
-42
Let r(i) = -i**2 + 41*i - 120. What is r(36)?
60
Let c(g) = -g**2 - 4. Give c(7).
-53
Let d(v) = 5*v + 38. Determine d(-14).
-32
Let m(d) = -4*d**2 - 61*d - 62. What is m(-1)?
-5
Let q(k) = -3*k**2 + 19*k + 20. What is q(7)?
6
Let a(b) = -2*b + 29. Calculate a(12).
5
Let o(a) = a**3 + 3*a**2 + 11. Give o(-4).
-5
Let f(y) = -13*y**2 - y - 6. Determine f(-2).
-56
Let u(y) = 72*y + 216. Calculate u(-3).
0
Let b(d) = 3*d - 21. What is b(9)?
6
Let a(b) = 21*b + 117. What is a(-6)?
-9
Let q(u) = -4*u**2 + 64*u - 48. Calculate q(15).
12
Let w(r) = r**2 - 5*r - 4. What is w(7)?
10
Let z(y) = y**2 - 48*y - 43. Give z(49).
6
Let n(u) = -u**3 - 18*u**2 - 16*u + 20. Determine n(-17).
3
Let x(l) = -l**3 - 12*l**2 - 13*l - 10. Determine x(-11).
12
Let b(r) = 23*r + 20. Give b(-2).
-26
Let m(w) = w**3 + 18*w**2 - 42*w - 45. Determine m(-20).
-5
Let t(f) = -f**3 - 4*f**2 + 114*f - 39. Calculate t(-13).
0
Let s(j) = -2*j**2 - 3*j + 1. What is s(-3)?
-8
Let l(d) = -5*d + 38. Determine l(9).
-7
Let u(d) = -23*d + 2. What is u(0)?
2
Let z(b) = b**3 - 13*b**2 + 23*b - 19. Give z(11).
-8
Let q(m) = -16*m +